

{"id":12,"date":"2012-01-10T19:48:07","date_gmt":"2012-01-10T19:48:07","guid":{"rendered":"http:\/\/sviadnov.knihovna.info\/?page_id=12"},"modified":"2012-09-13T20:08:23","modified_gmt":"2012-09-13T20:08:23","slug":"cenik","status":"publish","type":"page","link":"https:\/\/sviadnov.knihovna.info\/?page_id=12","title":{"rendered":"Cen\u00edk slu\u017eeb"},"content":{"rendered":"<p>U\u017eivatel je povinen p\u0159i prvn\u00ed n\u00e1v\u0161t\u011bv\u011b knihovny uhradit \u010dten\u00e1\u0159sk\u00fd registra\u010dn\u00ed poplatek, kter\u00fd plat\u00ed na obdob\u00ed 12 m\u011bs\u00edc\u016f.<\/p>\n<p>&nbsp;<\/p>\n<h2>Registra\u010dn\u00ed poplatky<\/h2>\n<table style=\"width: 584px; height: 112px;\">\n<tbody>\n<tr style=\"background-color: #f5f5f5;\">\n<td>\u00a0Dosp\u011bl\u00ed \u010dten\u00e1\u0159i<\/td>\n<td style=\"width: 100px;\">\u00a0\u00a0\u00a0 50,- K\u010d<\/td>\n<\/tr>\n<tr>\n<td>\u00a0\u010cten\u00e1\u0159i do 15 let<\/td>\n<td>\u00a0\u00a0\u00a0 30,- K\u010d<\/td>\n<\/tr>\n<tr style=\"background-color: #f5f5f5;\">\n<td>\u00a0Za ka\u017ed\u00fd vyp\u016fj\u010den\u00fd svazek neregistrovan\u00e9ho \u010dten\u00e1\u0159e<\/td>\n<td>\u00a0\u00a0\u00a0 10,- K\u010d<\/td>\n<\/tr>\n<\/tbody>\n<\/table>\n<h2><\/h2>\n<p>&nbsp;<\/p>\n<h2>Upom\u00ednky &#8211; dosp\u011bl\u00ed, d\u011bti<\/h2>\n<table>\n<tbody>\n<tr style=\"background-color: #f5f5f5;\" align=\"left\">\n<td>\u00a0I. upom\u00ednka<\/td>\n<td valign=\"bottom\">\u00a0\u00a0\u00a0\u00a0\u00a0\u00a0\u00a0\u00a0\u00a0\u00a0\u00a0\u00a0\u00a0\u00a0\u00a0\u00a0\u00a0\u00a0\u00a0\u00a0\u00a0\u00a0\u00a0\u00a0\u00a0 20,- K\u010d<\/td>\n<\/tr>\n<tr>\n<td>\u00a0II. upom\u00ednka<\/td>\n<td>\u00a0\u00a0\u00a0\u00a0\u00a0\u00a0\u00a0\u00a0\u00a0\u00a0\u00a0\u00a0\u00a0\u00a0\u00a0\u00a0\u00a0\u00a0\u00a0\u00a0\u00a0\u00a0\u00a0\u00a0\u00a0 40,- K\u010d<\/td>\n<\/tr>\n<tr style=\"background-color: #f5f5f5;\">\n<td>\u00a0III. upom\u00ednka<\/td>\n<td>\u00a0\u00a0\u00a0\u00a0\u00a0\u00a0\u00a0\u00a0\u00a0\u00a0\u00a0\u00a0\u00a0\u00a0\u00a0\u00a0\u00a0\u00a0\u00a0\u00a0\u00a0\u00a0\u00a0\u00a0\u00a0 60,- K\u010d<\/td>\n<\/tr>\n<tr>\n<td>\u00a0Upom\u00ednac\u00ed dopis<\/td>\n<td>\u00a0\u00a0\u00a0\u00a0\u00a0\u00a0\u00a0\u00a0\u00a0\u00a0\u00a0\u00a0\u00a0\u00a0\u00a0\u00a0\u00a0\u00a0\u00a0\u00a0\u00a0\u00a0\u00a0\u00a0\u00a0 80,- K\u010d + po\u0161tovn\u00ed v\u00fddaje = 120,- K\u010d<\/td>\n<\/tr>\n<\/tbody>\n<\/table>\n<h2><\/h2>\n<p>&nbsp;<\/p>\n<h2>N\u00e1hrady \u0161kod a ztr\u00e1t &#8211; dosp\u011bl\u00ed, d\u011bti<\/h2>\n<table style=\"width: 584px; height: 94px;\">\n<tbody>\n<tr style=\"background-color: #f5f5f5;\">\n<td>\u00a0Ztr\u00e1ta pr\u016fkazu<\/td>\n<td>10,- K\u010d<\/td>\n<\/tr>\n<tr>\n<td>\u00a0Po\u0161kozen\u00ed \u010d\u00e1rov\u00e9ho k\u00f3du<\/td>\n<td>5,- K\u010d<\/td>\n<\/tr>\n<tr style=\"background-color: #f5f5f5;\">\n<td>\u00a0Znehodnocen\u00ed nebo ztr\u00e1ta knihy<\/td>\n<td>cena knihy + 100,- K\u010d manipula\u010dn\u00ed poplatek nebo<br \/>\nkoup\u011b identick\u00e9 knihy \u010dten\u00e1\u0159em<\/td>\n<\/tr>\n<tr>\n<td>\u00a0Znehodnocen\u00ed nebo ztr\u00e1ta \u010dasopisu<\/td>\n<td>cena \u010dasopisu + 20,- K\u010d manipula\u010dn\u00ed poplatek<br \/>\nnebo nahrazen\u00ed nov\u00fdm \u010dasopisem<\/td>\n<\/tr>\n<\/tbody>\n<\/table>\n<p>&nbsp;<\/p>\n<p>&nbsp;<\/p>\n","protected":false},"excerpt":{"rendered":"<p>U\u017eivatel je povinen p\u0159i prvn\u00ed n\u00e1v\u0161t\u011bv\u011b knihovny uhradit \u010dten\u00e1\u0159sk\u00fd registra\u010dn\u00ed poplatek, kter\u00fd plat\u00ed na obdob\u00ed 12 m\u011bs\u00edc\u016f. &nbsp; Registra\u010dn\u00ed poplatky \u00a0Dosp\u011bl\u00ed \u010dten\u00e1\u0159i \u00a0\u00a0\u00a0 50,- K\u010d \u00a0\u010cten\u00e1\u0159i do 15 let \u00a0\u00a0\u00a0 30,- K\u010d \u00a0Za ka\u017ed\u00fd vyp\u016fj\u010den\u00fd svazek neregistrovan\u00e9ho \u010dten\u00e1\u0159e \u00a0\u00a0\u00a0 10,- &hellip; <a href=\"https:\/\/sviadnov.knihovna.info\/?page_id=12\">Cel\u00fd p\u0159\u00edsp\u011bvek <span class=\"meta-nav\">&rarr;<\/span><\/a><\/p>\n","protected":false},"author":1,"featured_media":0,"parent":0,"menu_order":0,"comment_status":"closed","ping_status":"closed","template":"","meta":{"ngg_post_thumbnail":0,"footnotes":""},"class_list":["post-12","page","type-page","status-publish","hentry"],"_links":{"self":[{"href":"https:\/\/sviadnov.knihovna.info\/index.php?rest_route=\/wp\/v2\/pages\/12","targetHints":{"allow":["GET"]}}],"collection":[{"href":"https:\/\/sviadnov.knihovna.info\/index.php?rest_route=\/wp\/v2\/pages"}],"about":[{"href":"https:\/\/sviadnov.knihovna.info\/index.php?rest_route=\/wp\/v2\/types\/page"}],"author":[{"embeddable":true,"href":"https:\/\/sviadnov.knihovna.info\/index.php?rest_route=\/wp\/v2\/users\/1"}],"replies":[{"embeddable":true,"href":"https:\/\/sviadnov.knihovna.info\/index.php?rest_route=%2Fwp%2Fv2%2Fcomments&post=12"}],"version-history":[{"count":51,"href":"https:\/\/sviadnov.knihovna.info\/index.php?rest_route=\/wp\/v2\/pages\/12\/revisions"}],"predecessor-version":[{"id":497,"href":"https:\/\/sviadnov.knihovna.info\/index.php?rest_route=\/wp\/v2\/pages\/12\/revisions\/497"}],"wp:attachment":[{"href":"https:\/\/sviadnov.knihovna.info\/index.php?rest_route=%2Fwp%2Fv2%2Fmedia&parent=12"}],"curies":[{"name":"wp","href":"https:\/\/api.w.org\/{rel}","templated":true}]}}