

{"id":262,"date":"2012-08-21T16:57:41","date_gmt":"2012-08-21T16:57:41","guid":{"rendered":"http:\/\/sviadnov.knihovna.info\/?page_id=262"},"modified":"2016-12-20T18:35:00","modified_gmt":"2016-12-20T18:35:00","slug":"meziknihovni-vypujcni-sluzba-mvs","status":"publish","type":"page","link":"https:\/\/sviadnov.knihovna.info\/?page_id=262","title":{"rendered":"Meziknihovn\u00ed v\u00fdp\u016fj\u010dn\u00ed slu\u017eba (MVS)"},"content":{"rendered":"<p>Meziknihovn\u00ed v\u00fdp\u016fj\u010dn\u00ed slu\u017eba slou\u017e\u00ed k&nbsp;objedn\u00e1v\u00e1n\u00ed knih, periodik, kter\u00e9 nejsou ve fondu na\u0161\u00ed knihovny. Za meziknihovn\u00ed slu\u017ebu na \u00fahradu po\u0161tovn\u00e9ho se \u00fa\u010dtuje 50,- K\u010d za jeden dokument. Poplatek je t\u0159eba uhradit v\u017edy p\u0159i vyzved\u00e1v\u00e1n\u00ed dokument\u016f, a to i za nevyzvednutou v\u00fdp\u016fj\u010dku meziknihovn\u00ed slu\u017eby.<\/p>\n<p>Objednan\u00e9 dokumenty je t\u0159eba vyzvednout nejpozd\u011bji do jednoho t\u00fddne po doru\u010den\u00ed. Za prolongaci jednoho zap\u016fj\u010den\u00e9ho dokumentu \u010dten\u00e1\u0159 zaplat\u00ed poplatek 10,- K\u010d.<\/p>\n","protected":false},"excerpt":{"rendered":"<p>Meziknihovn\u00ed v\u00fdp\u016fj\u010dn\u00ed slu\u017eba slou\u017e\u00ed k&nbsp;objedn\u00e1v\u00e1n\u00ed knih, periodik, kter\u00e9 nejsou ve fondu na\u0161\u00ed knihovny. Za meziknihovn\u00ed slu\u017ebu na \u00fahradu po\u0161tovn\u00e9ho se \u00fa\u010dtuje 50,- K\u010d za jeden dokument. Poplatek je t\u0159eba uhradit v\u017edy p\u0159i vyzved\u00e1v\u00e1n\u00ed dokument\u016f, a to i za nevyzvednutou v\u00fdp\u016fj\u010dku &hellip; <a href=\"https:\/\/sviadnov.knihovna.info\/?page_id=262\">Cel\u00fd p\u0159\u00edsp\u011bvek <span class=\"meta-nav\">&rarr;<\/span><\/a><\/p>\n","protected":false},"author":1,"featured_media":0,"parent":0,"menu_order":0,"comment_status":"closed","ping_status":"closed","template":"","meta":{"ngg_post_thumbnail":0,"footnotes":""},"class_list":["post-262","page","type-page","status-publish","hentry"],"_links":{"self":[{"href":"https:\/\/sviadnov.knihovna.info\/index.php?rest_route=\/wp\/v2\/pages\/262","targetHints":{"allow":["GET"]}}],"collection":[{"href":"https:\/\/sviadnov.knihovna.info\/index.php?rest_route=\/wp\/v2\/pages"}],"about":[{"href":"https:\/\/sviadnov.knihovna.info\/index.php?rest_route=\/wp\/v2\/types\/page"}],"author":[{"embeddable":true,"href":"https:\/\/sviadnov.knihovna.info\/index.php?rest_route=\/wp\/v2\/users\/1"}],"replies":[{"embeddable":true,"href":"https:\/\/sviadnov.knihovna.info\/index.php?rest_route=%2Fwp%2Fv2%2Fcomments&post=262"}],"version-history":[{"count":7,"href":"https:\/\/sviadnov.knihovna.info\/index.php?rest_route=\/wp\/v2\/pages\/262\/revisions"}],"predecessor-version":[{"id":852,"href":"https:\/\/sviadnov.knihovna.info\/index.php?rest_route=\/wp\/v2\/pages\/262\/revisions\/852"}],"wp:attachment":[{"href":"https:\/\/sviadnov.knihovna.info\/index.php?rest_route=%2Fwp%2Fv2%2Fmedia&parent=262"}],"curies":[{"name":"wp","href":"https:\/\/api.w.org\/{rel}","templated":true}]}}