

{"id":347,"date":"2012-08-23T08:39:25","date_gmt":"2012-08-23T08:39:25","guid":{"rendered":"http:\/\/sviadnov.knihovna.info\/?page_id=347"},"modified":"2012-08-23T08:39:42","modified_gmt":"2012-08-23T08:39:42","slug":"literatura","status":"publish","type":"page","link":"https:\/\/sviadnov.knihovna.info\/?page_id=347","title":{"rendered":"Literatura"},"content":{"rendered":"<p><strong>Liter\u00e1rn\u00ed port\u00e1ly\u00a0<\/strong><\/p>\n<ul>\n<li><a href=\"http:\/\/www.czechlit.cz\/\" target=\"_blank\">Port\u00e1l \u010desk\u00e9 literatury<\/a>\u00a0&#8211; informace o autorech mlad\u0161\u00ed a nejmlad\u0161\u00ed generace a o jejich d\u00edle v interaktivn\u00ed form\u011b<\/li>\n<li><a href=\"http:\/\/www.iliteratura.cz\/\" target=\"_blank\">I-literatura<\/a>\u00a0&#8211; internetov\u00e9 zpravodajstv\u00ed o literatu\u0159e z cel\u00e9ho sv\u011bta, zpr\u00e1vy o kni\u017en\u00edch novink\u00e1ch, profily autor\u016f a recenze<\/li>\n<li><a href=\"http:\/\/www.knihovnice.cz\/\" target=\"_blank\">Knihovnice<\/a><\/li>\n<li><a href=\"http:\/\/www.cbdb.cz\/\" target=\"_blank\">\u010cesk\u00e1 bibliografick\u00e1 datab\u00e1ze<\/a>\u00a0&#8211; informace a recenze o knih\u00e1ch, novinky z kni\u017en\u00edho sv\u011bta<\/li>\n<\/ul>\n<p><strong>Spisovatel\u00e9<\/strong><\/p>\n<ul>\n<li><a href=\"http:\/\/www.spisovatele.cz\/\" target=\"_blank\">Spisovatel\u00e9<\/a><\/li>\n<\/ul>\n","protected":false},"excerpt":{"rendered":"<p>Liter\u00e1rn\u00ed port\u00e1ly\u00a0 Port\u00e1l \u010desk\u00e9 literatury\u00a0&#8211; informace o autorech mlad\u0161\u00ed a nejmlad\u0161\u00ed generace a o jejich d\u00edle v interaktivn\u00ed form\u011b I-literatura\u00a0&#8211; internetov\u00e9 zpravodajstv\u00ed o literatu\u0159e z cel\u00e9ho sv\u011bta, zpr\u00e1vy o kni\u017en\u00edch novink\u00e1ch, profily autor\u016f a recenze Knihovnice \u010cesk\u00e1 bibliografick\u00e1 datab\u00e1ze\u00a0&#8211; informace &hellip; <a href=\"https:\/\/sviadnov.knihovna.info\/?page_id=347\">Cel\u00fd p\u0159\u00edsp\u011bvek <span class=\"meta-nav\">&rarr;<\/span><\/a><\/p>\n","protected":false},"author":1,"featured_media":0,"parent":0,"menu_order":0,"comment_status":"closed","ping_status":"closed","template":"","meta":{"ngg_post_thumbnail":0,"footnotes":""},"class_list":["post-347","page","type-page","status-publish","hentry"],"_links":{"self":[{"href":"https:\/\/sviadnov.knihovna.info\/index.php?rest_route=\/wp\/v2\/pages\/347","targetHints":{"allow":["GET"]}}],"collection":[{"href":"https:\/\/sviadnov.knihovna.info\/index.php?rest_route=\/wp\/v2\/pages"}],"about":[{"href":"https:\/\/sviadnov.knihovna.info\/index.php?rest_route=\/wp\/v2\/types\/page"}],"author":[{"embeddable":true,"href":"https:\/\/sviadnov.knihovna.info\/index.php?rest_route=\/wp\/v2\/users\/1"}],"replies":[{"embeddable":true,"href":"https:\/\/sviadnov.knihovna.info\/index.php?rest_route=%2Fwp%2Fv2%2Fcomments&post=347"}],"version-history":[{"count":2,"href":"https:\/\/sviadnov.knihovna.info\/index.php?rest_route=\/wp\/v2\/pages\/347\/revisions"}],"predecessor-version":[{"id":350,"href":"https:\/\/sviadnov.knihovna.info\/index.php?rest_route=\/wp\/v2\/pages\/347\/revisions\/350"}],"wp:attachment":[{"href":"https:\/\/sviadnov.knihovna.info\/index.php?rest_route=%2Fwp%2Fv2%2Fmedia&parent=347"}],"curies":[{"name":"wp","href":"https:\/\/api.w.org\/{rel}","templated":true}]}}