

{"id":5,"date":"2012-01-10T19:37:16","date_gmt":"2012-01-10T19:37:16","guid":{"rendered":"http:\/\/www.knihovna.info\/xxxx\/?page_id=5"},"modified":"2022-08-24T06:55:06","modified_gmt":"2022-08-24T06:55:06","slug":"kontakty","status":"publish","type":"page","link":"https:\/\/sviadnov.knihovna.info\/?page_id=5","title":{"rendered":"Kontakt"},"content":{"rendered":"<p><strong><img loading=\"lazy\" decoding=\"async\" class=\"alignright wp-image-729\" src=\"http:\/\/sviadnov.knihovna.info\/wp-content\/uploads\/2013\/06\/P1010834.jpg\" alt=\"\" width=\"210\" height=\"277\">Knihovnice<\/strong><br \/>\nMgr. V\u011bra Voln\u00e1<strong><br \/>\n<\/strong><\/p>\n<p><strong>Adresa<br \/>\n<\/strong>Obecn\u00ed knihovna Sviadnov<br \/>\nNa Drah\u00e1ch 119<br \/>\n739 25&nbsp; Sviadnov<\/p>\n<p><strong>Tel:<strong><br \/>\n<\/strong><\/strong>702 111 325<\/p>\n<p><strong>Email:<br \/>\n<a href=\"mailto:knihovna@sviadnov.cz\" target=\"_blank\" rel=\"noopener\">knihovna@sviadnov.cz<\/a><\/strong><\/p>\n<p>&nbsp;<\/p>\n<p>Registr 3018\/2002<\/p>\n<hr>\n<p><a href=\"http:\/\/knihovna.brusperk.com\/\">M\u011bstsk\u00e1 knihovna Bru\u0161perk<\/a><br \/>\n<a href=\"https:\/\/www.svkos.cz\/\">Moravskoslezsk\u00e1 v\u011bdeck\u00e1 knihovna v Ostrav\u011b<\/a><br \/>\n<a href=\"https:\/\/www.msk.cz\/\">Moravskoslezsk\u00fd kraj<\/a><\/p>\n","protected":false},"excerpt":{"rendered":"<p>Knihovnice Mgr. V\u011bra Voln\u00e1 Adresa Obecn\u00ed knihovna Sviadnov Na Drah\u00e1ch 119 739 25&nbsp; Sviadnov Tel: 702 111 325 Email: knihovna@sviadnov.cz &nbsp; Registr 3018\/2002 M\u011bstsk\u00e1 knihovna Bru\u0161perk Moravskoslezsk\u00e1 v\u011bdeck\u00e1 knihovna v Ostrav\u011b Moravskoslezsk\u00fd kraj<\/p>\n","protected":false},"author":1,"featured_media":0,"parent":0,"menu_order":0,"comment_status":"closed","ping_status":"closed","template":"","meta":{"ngg_post_thumbnail":0,"footnotes":""},"class_list":["post-5","page","type-page","status-publish","hentry"],"_links":{"self":[{"href":"https:\/\/sviadnov.knihovna.info\/index.php?rest_route=\/wp\/v2\/pages\/5","targetHints":{"allow":["GET"]}}],"collection":[{"href":"https:\/\/sviadnov.knihovna.info\/index.php?rest_route=\/wp\/v2\/pages"}],"about":[{"href":"https:\/\/sviadnov.knihovna.info\/index.php?rest_route=\/wp\/v2\/types\/page"}],"author":[{"embeddable":true,"href":"https:\/\/sviadnov.knihovna.info\/index.php?rest_route=\/wp\/v2\/users\/1"}],"replies":[{"embeddable":true,"href":"https:\/\/sviadnov.knihovna.info\/index.php?rest_route=%2Fwp%2Fv2%2Fcomments&post=5"}],"version-history":[{"count":40,"href":"https:\/\/sviadnov.knihovna.info\/index.php?rest_route=\/wp\/v2\/pages\/5\/revisions"}],"predecessor-version":[{"id":1385,"href":"https:\/\/sviadnov.knihovna.info\/index.php?rest_route=\/wp\/v2\/pages\/5\/revisions\/1385"}],"wp:attachment":[{"href":"https:\/\/sviadnov.knihovna.info\/index.php?rest_route=%2Fwp%2Fv2%2Fmedia&parent=5"}],"curies":[{"name":"wp","href":"https:\/\/api.w.org\/{rel}","templated":true}]}}